test common factor of w and 56?
14
Let l be 4 - (-1 + (3 - 4)). What is the greatest common divisor of l and 12?
6
Let b be 3/(1*2/8). Suppose 0*l + 6 = -2*l. Let n = 9 - l. What is the greatest common divisor of n and b?
12
Suppose -z + 5 = -0*z. What is the highest common factor of z and 10?
5
Let s be 5*(-2 + 44)*10/75. Calculate the highest common divisor of s and 84.
28
Let p(j) = 3*j - 8. Let s be p(3). Suppose -4*o + 5*f + 40 = 13, 5*o = -2*f + 9. What is the highest common divisor of s and o?
1
Let w be (-242)/6 - (-2)/(-3). Suppose -3*f + 32 + 57 = 4*c, 0 = 4*f + 3*c - 121. Let l = f - w. What is the greatest common factor of l and 8?
8
Let t be (1 - -47) + 9 + -2. Suppose -3*y + 103 = 4*k, 3*k = -y + 37 + 34. What is the greatest common factor of k and t?
11
Let x be 2/(-4) - (-106)/4. Let l be 2/13 + 152/x. Let n(d) = -d + 8. Let q be n(l). Calculate the highest common factor of q and 8.
2
Let t be 0/(0 + 1) - 12. Let f be t/10*5/(-2). Suppose f*z + 295 = 5*x, x - 32 = z + 29. What is the greatest common factor of x and 14?
14
Let x(s) = -s**3 + 5*s**2 + s. Let q be x(5). Suppose -35 = -q*f + 85. What is the highest common divisor of f and 8?
8
Let d be ((-6)/4)/((-5)/10). Suppose -d*q = 3*w - 4*w - 316, -4*w = 4*q - 416. What is the greatest common factor of q and 15?
15
Suppose 2*k - 9 - 1 = 0. Suppose -4*u - k = -165. What is the greatest common divisor of u and 10?
10
Let i(q) = q**3 - 7*q**2 - 8*q + 4. Let f be i(8). Suppose l = 5*p + 13, -7 = -l - f*l - 4*p. What is the highest common divisor of l and 1?
1
Suppose 0 = 2*z + 3*v - 20, 0*z + z = -2*v + 12. Suppose 3*a - 100 = -2*b, 4*b - 4*a - 84 - 76 = 0. What is the highest common factor of z and b?
4
Suppose 2*r + 30 = 5*r. Calculate the highest common factor of 10 and r.
10
Let f be 61 + (0 - -1 - -2). Let y = 9 - -7. What is the highest common divisor of f and y?
16
Let q = 50 - 35. Suppose -k = -4*k + 90. What is the greatest common factor of k and q?
15
Suppose -3*f - h - 15 = -7*f, 0 = -3*f - 2*h + 14. Suppose 2*p - p + f*v - 64 = 0, 4*p = 4*v + 176. Calculate the greatest common divisor of p and 24.
24
Suppose 0 = 17*j + 42 - 416. Let h(s) = -s. Let p be h(-2). Let v be (-33)/(p/2*-1). Calculate the greatest common factor of v and j.
11
Let m be 18*1 - (0 - -1). Let y(g) = -g**3 + g**2 - g + 3. Let w be y(5). Let b = w + 187. Calculate the greatest common divisor of m and b.
17
Suppose 5*p - 30 = 5*u - 0*u, 5*p = u + 38. Suppose -5*g - 46 + 11 = -5*k, 4*k + g = p. Suppose 10 = k*j - 8. Calculate the highest common factor of j and 66.
6
Let x(w) = -10*w**3 + 2*w**2 - 1. Let m be x(1). Let t = m + 17. Calculate the highest common divisor of 32 and t.
8
Let k(f) = 108*f - 2. Let c be k(-2). Let n = 420 + c. Let i = n - 107. What is the greatest common divisor of i and 19?
19
Let p(j) = -5 - j + 5*j + 7*j**3 - 8*j**3 - 2*j**2. Let u be p(-4). Calculate the highest common factor of u and 1.
1
Let p(g) be the third derivative of 0 + 0*g - 1/2*g**3 + 2*g**2 - 5/24*g**4. Let m be p(-3). Calculate the greatest common divisor of m and 36.
12
Let c = 87 + -19. What is the highest common divisor of 170 and c?
34
Suppose -f + 2*f - 140 = 0. Let p be (-6)/(-9) - 4/6. Suppose 3*z + 3*s = -p*s + 48, 4*z - s = 84. What is the greatest common divisor of f and z?
20
Let f(g) = g**2 - 1. Let r(j) = -4*j**2 + 5*j - 1. Let q(h) = -5*f(h) - r(h). Let s be q(-5). Let z = 101 + -97. What is the highest common divisor of s and z?
2
Let r = 27 + -27. Let a be ((-1)/(-2) - r)*4. What is the highest common divisor of 4 and a?
2
Suppose 0 = -3*m - 4*m + 56. Calculate the highest common divisor of 12 and m.
4
Let m(u) = u**3 + 6*u**2 - 11*u - 10. Let o be (-45)/6 - (-1)/2. Let c be m(o). Let f = c + -11. Calculate the greatest common factor of f and 28.
7
Suppose 5*z - 44 = 16. Calculate the highest common divisor of z and 36.
12
Suppose 0 = 4*n - 112 - 16. Calculate the highest common factor of n and 32.
32
Suppose -18 = -i - i. Suppose g - i - 19 = 0. Suppose -2*u - 2 = -g. Calculate the greatest common factor of u and 65.
13
Let x be ((-4)/18)/(1/(-9)). Let d be 1*(2 - 2)/(-1). Suppose -2*o + 10 = -0*o - 4*u, 5*o + 2*u - 13 = d. Calculate the highest common factor of x and o.
1
Let a(z) = z**3 - 11*z**2 + 2*z. Let n be a(11). Let w be 7/2*(-13 + 1). Let k = -9 - w. What is the highest common factor of k and n?
11
Suppose -5*x + 10 = 0, -4*x - 144 = -3*v + 226. Calculate the greatest common divisor of v and 18.
18
Let y(c) = 7*c**2 + 2*c + 1. Let w(p) = p - 5. Let f be w(4). Let d be y(f). Let i be 1 + 2*(-123)/(-6). Calculate the greatest common factor of i and d.
6
Suppose 6*l - 4*l - 96 = 0. Let c be (1/2)/(2/l). What is the highest common factor of 108 and c?
12
Let q = 441 - 302. Suppose -4*b + 257 = -q. What is the greatest common factor of b and 11?
11
Suppose -104 = -5*g + u + 170, -5*u = 2*g - 88. Suppose 5*q - 5*r - 75 = 0, -4*q = -6*q - r + 39. Calculate the greatest common divisor of q and g.
18
Suppose -3*y + 10 = -4*y + 4*f, -5*y - 2*f = -60. What is the greatest common divisor of y and 25?
5
Let u be -9*((0 - -2)*5)/(-2). What is the greatest common divisor of u and 9?
9
Let f(u) = u + 1. Let h(n) = -n**3 - 5*n**2 + 7*n + 6. Let a be h(-6). Let d be f(a). What is the greatest common divisor of d and 2?
1
Suppose 2*x - 2*z - 172 = -0*x, 438 = 5*x - 3*z. Calculate the greatest common factor of x and 135.
45
Let u be 8/5 - (-4)/10. Suppose 0 = 3*p + p - 16. Suppose -24 = -p*r + 5*d, 14 = 5*r + 5*d - 16. Calculate the greatest common factor of r and u.
2
Let x be 1*94/((-4)/(-2)). Let k = x - 28. Suppose 5*p = 4*r - k, -2*p + 6*p + 14 = 2*r. What is the greatest common factor of r and 11?
1
Let h(d) = 16*d + 16. Let k be h(9). Calculate the highest common divisor of k and 20.
20
Let l be 0/3 + 1 + -7. Let a = l + 11. Suppose a*b = -t + 2*b + 87, 3*t - 272 = 2*b. Calculate the greatest common divisor of 10 and t.
10
Suppose -5*k - 1350 = -10*k. Let n = k - 161. Suppose -2*l = -n - 71. What is the greatest common divisor of l and 18?
18
Suppose 2*u = -5*u + 560. What is the highest common factor of u and 10?
10
Let x(c) = -c - 4. Let g be x(-4). Let l = g + 39. Calculate the greatest common factor of l and 26.
13
Let z = 387 - 266. Let g be 10*(z - -2 - 2). Suppose -4*d + g = d. What is the greatest common factor of d and 22?
22
Let a(b) = 2*b**2 + 3*b - 2. Let n = 3 - 1. Let v be a(n). Suppose 72 = -2*d + 5*d. What is the greatest common divisor of v and d?
12
Let l(f) = -7*f**3 - 4*f - 3. Let g be l(-1). Calculate the greatest common divisor of 8 and g.
8
Suppose 0 = -4*f - f + 125. Suppose 5*i = -5 + f. Calculate the highest common divisor of i and 16.
4
Let s be (21/6 - 3)*18. Let j(n) = -s - 2 - 3*n + 5. Let i be j(-8). Calculate the highest common divisor of i and 27.
9
Suppose -4*q - 3*r - 1 = -11, 0 = -q + 5*r - 9. Suppose -3*l = -4*l + q. What is the highest common divisor of l and 2?
1
Let h = 1 + 35. What is the greatest common factor of 9 and h?
9
Let s = -13 + 28. Calculate the highest common divisor of s and 15.
15
Let d(u) = 12*u. Let a be d(1). Let t be (a - 0)*14/8. Suppose -2*g - 2*g = -5*l + 408, 2*g = 3*l - 246. What is the greatest common factor of t and l?
21
Suppose -91 = -5*r - 2*h - 17, 76 = 5*r + 3*h. Calculate the highest common divisor of 42 and r.
14
Let n be -2 + (3 - 4)*-4. Calculate the greatest common divisor of n and 22.
2
Let z(b) = -b**2 - 10*b - 4. Let a be z(-9). Suppose 0 = -0*x - a*x + 170. Let j = x - 18. Calculate the greatest common factor of 8 and j.
8
Suppose 6*b - 2*d = 4*b + 1902, -b = -5*d - 931. Suppose -2*c = -c - 4, -b = 4*u - 5*c. Let l = -139 - u. Calculate the greatest common factor of l and 38.
19
Suppose r - 118 = -5*z + 254, -2*z + 147 = r. Suppose 4*y + x - 244 = 0, -3*y + 2*x = -z - 97. What is the greatest common divisor of y and 40?
20
Let y(c) = -c - 7. Let i be y(-9). Let m(h) = 5*h**2 + 4*h + 2. Let k be m(-2). What is the greatest common divisor of k and i?
2
Let f be (-3 - (3 - 3)) + 18. Let d = f - 11. What is the greatest common factor of d and 2?
2
Let v be (3/(-2))/((-8)/208). Let s = 32 - 19. Suppose -3*f = -4*f + s. What is the highest common divisor of v and f?
13
Let u be ((-3)/(-2))/(15/(-320)). Let f = u - -54